at is the hundreds digit of q(-6)?
3
Let t(h) = 98*h + 68. Let i = -51 - -58. What is the hundreds digit of t(i)?
7
Suppose 0 = 3*c - c - 98. Suppose -15 = c*y - 52*y. Suppose 0 = -2*d + 6, 4*l = -y*d + 347 - 16. What is the tens digit of l?
7
Let b be (66 + -65)/((1/1706)/1). Suppose -4*m = 8, -4*m + 5*m = -4*u + b. What is the hundreds digit of u?
4
Let w be (4*-2)/((-1)/(-6 - -3)). Let u = -24 - w. Suppose 0 = h - u*h - 135. What is the hundreds digit of h?
1
Let z(l) = 861*l**2 + 15*l - 1. Let v(m) = 431*m**2 + 7*m - 1. Let i(d) = 5*v(d) - 2*z(d). What is the hundreds digit of i(1)?
4
Suppose 6*l + 5*i = 4*l + 9932, -4*i = l - 4960. What is the tens digit of l/12 + 35/(-21)?
1
Suppose -2*t - 4956 = -4*q + 18154, -t = -3*q + 17335. What is the units digit of q?
0
Suppose 0 = -5*z + u + 24, -u - 6 - 13 = -4*z. Let m be ((-6)/4)/(z/(20/3)). What is the units digit of ((-30)/12)/(1/4*m)?
5
Let k(b) = 3*b + 381. Let w(r) = -r**2 + 14*r. Let z be w(14). What is the tens digit of k(z)?
8
Let v(d) = -43*d - 28. Let j(z) = z**2 + 19*z + 70. Let w be j(-12). What is the hundreds digit of v(w)?
5
Suppose 39*c - 648479 + 575971 = 1935407. What is the thousands digit of c?
1
Suppose 0 = -74*s - 108590 + 680684. What is the units digit of s?
1
Let r = 1 + -19. Let c be (r/(-12))/((-6)/8). What is the units digit of (48/(-15))/(c/30)?
8
What is the ten thousands digit of (4008/120 - 32) + 641096/10?
6
Let z(d) = -d**2 - 9*d - 12. Let o be z(-7). Let v be (-3)/o + 387/18. Suppose v = f - 49. What is the tens digit of f?
6
Suppose -2*x + 164 = 2*f, -3*f + x = 2*x - 252. Suppose o - 4*d - f = 0, -5*o - 3*d - 59 + 392 = 0. What is the units digit of o?
9
Let n = -164 - -163. What is the units digit of (n - 3)/(108/(-25353))?
9
Let x be 1/(-3 + (-12)/(-3)). Let s = x + 74. Let n = s - 12. What is the units digit of n?
3
Suppose 3*a - h = 6077, -4*a + 36*h - 40*h + 8092 = 0. What is the hundreds digit of a?
0
Let t = -336 - -256. Let j = 307 - t. What is the tens digit of j?
8
Suppose -394*i = -398*i + 5308. Let b = i - 159. What is the thousands digit of b?
1
Let c = 141 + -127. Suppose 13*a = -12 - c. What is the hundreds digit of (-481)/26*16/a?
1
Suppose -u + s = -2*s - 12, -5*u - 5*s = -40. Suppose -u*l + 2819 = 893. What is the hundreds digit of (l - -4)*2/4?
1
Let q be 200/11 - (-10)/(-55). Suppose 5*v - 131 = -3*u, q*v + 1 = 19*v. What is the units digit of u?
2
Suppose -21*u - 10 = -1816. Suppose 3*v - 1842 = 89*a - u*a, -v + 4*a = -617. What is the tens digit of v?
1
Suppose -o + 3 = 4*y, -o - 2*y + 7*y + 39 = 0. Suppose 15*m = o*m - 2552. What is the hundreds digit of m?
6
Let l(k) = 7*k + 3. Let h be (-4 - -1)/(1*21/(-98)). Let f = h - 5. What is the units digit of l(f)?
6
Suppose -4878 = -6*s + 2*s + 28974. What is the thousands digit of s?
8
What is the units digit of (4394 + 3)*((-210)/(-20) - 10)*6?
1
Let y(o) = 4*o - 32. Let j be y(22). Let c = 326 + j. What is the tens digit of c?
8
Let b be (6/21)/((-2)/(-28)). Let h(w) = 5*w**2 - 8*w + 8. Let t be h(b). Suppose -t = -2*q + 26. What is the units digit of q?
1
Suppose 2*a + 5*p - 10 = 2*p, -2 = 2*a - 3*p. Suppose 12 = j - 3*n, -a*j - 4*n + 6 = -n. What is the tens digit of ((j + 1)*-1)/((-1)/4)?
2
Suppose 4*g - 29 = -5. Let v be (-24 - -15)*((-2)/g)/1. Suppose -v*r + 415 = -62. What is the hundreds digit of r?
1
Let z(a) be the second derivative of -a**4/12 + 7*a**3/3 - 15*a**2/2 - 32*a. Let g(h) = -h**2 + 12*h - 16. Let t be g(9). What is the tens digit of z(t)?
1
Let g(u) = -4*u**3 + 157*u**2 + 112*u + 67. What is the tens digit of g(37)?
3
Suppose 116*k + 13 = 103*k. Let m(f) = 158*f**2 - 11*f - 13. What is the tens digit of m(k)?
5
Let q be 327/4*40/(-15)*3. Let s = -453 - q. What is the tens digit of s?
0
What is the hundreds digit of 1*2*(4017 - (-162)/27)?
0
Suppose 1 + 7 = l. Suppose 3*k = -3*z + 2076, z - 684 = -24*k + 27*k. Suppose 3*i + z = l*i. What is the hundreds digit of i?
1
Let i = -43 - -9. Let t = 28 + i. Let j(w) = 3*w**2 - 3*w - 19. What is the units digit of j(t)?
7
Let d(l) be the second derivative of l**5/20 + 3*l**4/4 - 4*l**3/3 - 17*l**2/2 - l. Suppose 0 = 3*w + 1 + 23. What is the hundreds digit of d(w)?
1
Suppose 20 = -2*m - 128. Let k = m - -74. Suppose k*f - 211 = -2*f - 5*s, 5 = s. What is the tens digit of f?
9
Suppose 0 = -i + 6*i + 5*r + 15, -4*r = 16. What is the hundreds digit of 158 + i - (1 - 16 - -11)?
1
Let b = -78 + 76. What is the units digit of ((-76)/5 - 2)/(b/5)?
3
Suppose 4*o - 10 = -5*t, 2*t - 1 = -3*o + 3. Suppose -1945 = -5*q - t*w + 3499, w - 2 = 0. What is the hundreds digit of q?
0
Let t(f) = -2*f**3 + 34*f**2 - 33*f + 19. Let m be t(16). Let w(k) = 48*k - 24. What is the tens digit of w(m)?
2
Suppose 0 = -2*n + 891 - 11. Let a = 997 - n. What is the tens digit of a?
5
Suppose -4*n + 60 = 2*g, -2*g + 12 + 75 = -5*n. Suppose 3*o - g*o + 28941 = 0. What is the tens digit of o?
7
Let c(a) = -9*a + 19. Let n be c(2). Let m be n/(-3)*5628/28. Let j = m - -212. What is the hundreds digit of j?
1
Suppose 0*q + 17*q - 45271 = 0. Suppose 0 = 3*m - 28 - q. What is the hundreds digit of m?
8
Suppose -138*o = -142*o. Suppose 10 = -4*q + 9*q, o = -u - 4*q + 660. What is the units digit of u?
2
What is the tens digit of (-5758)/(6*3/(-72))?
3
Suppose 0 = -14*v + 15*v + 32. Let b be -1 + 1 - (v/4 - -10). What is the hundreds digit of (-5)/(5/b)*(-580)/(-8)?
1
Let v = 56485 - 32992. What is the units digit of v?
3
Let r(y) = -213*y + 12. Let p(o) = 3*o - 58. Let k be p(19). What is the tens digit of r(k)?
2
Suppose -5*x + 0 = -10. What is the hundreds digit of 21/(-14) - (-1)/(x/943)?
4
Suppose 0 = -3*v + 6*v - 96. What is the hundreds digit of (-1 - 1)*-1468*4/v?
3
Suppose -5*h = 150 - 2265. Suppose 69 + h = -4*i. Let d = -42 - i. What is the units digit of d?
1
Let b be (-345)/75 + 6/10. Let k be 0*(b/8 + -1 + 1). Suppose 5*n - 10 - 130 = k. What is the tens digit of n?
2
Suppose -4*b + 7 = -5, x - 4*b = 2841. Suppose -78*h = -87*h + x. What is the hundreds digit of h?
3
Let d(t) = 2*t**2 - 12*t + 5. Let x be d(6). Suppose 4*v - 5*r = 632, 3*v - x*r - 583 + 104 = 0. What is the hundreds digit of v?
1
Let a be (-4)/15*(-135)/18. Suppose -14*n - 5*l = -18*n + 678, -a*n + l + 336 = 0. What is the tens digit of n?
6
Let g = 16022 - 4326. Suppose 12*h = -4*h + g. What is the units digit of h?
1
Suppose -9*p + 14 = 1076. Let x = p - -245. What is the units digit of x?
7
Let n(v) = 4033*v - 106. What is the thousands digit of n(2)?
7
Suppose 0 = 2*k - 2*p - 79274, 5*k - 14*p = -10*p + 198177. What is the hundreds digit of k?
6
Let v(l) = -2466*l - 1668. What is the thousands digit of v(-15)?
5
Let p be 2 + (-1)/3 - (-3)/9. Suppose u = -i, u + p*u = 6. What is the hundreds digit of i/(-8) - (3635/(-20) + 0)?
1
Suppose -8813383 + 1802001 = -131*d. What is the ten thousands digit of d?
5
What is the ten thousands digit of 74/(-19) + (30 - 26) + 686276/38?
1
Let h = 21 + 26. Let d(n) = -3 - 26*n + 0 + h*n. What is the units digit of d(4)?
1
Let d = -56021 - -91602. What is the hundreds digit of d?
5
Let a be -2*(0 - (5 + -4)). What is the hundreds digit of 230*(a - 2 - -5) + 3?
1
What is the tens digit of (6/(-9) + 1)/(9*(-2)/(-122202))?
6
Suppose 0 = -3*p + g - 13 - 7, 3*g = 5*p + 40. Let s(m) = 21*m**2 - 2*m + 10. What is the hundreds digit of s(p)?
5
Let k(t) = 2*t + 14 + t - 13*t. Suppose -10*w - 64 = 36. What is the tens digit of k(w)?
1
Let s(v) = 4*v - 14. Let g be s(0). Let k = g - -5. What is the tens digit of (-120)/k*18/5?
4
What is the units digit of (-7)/(14/(-12)) - -8*(-4927)/(-26)?
2
Let f be 52/39*(-21)/(-2). Suppose 0 = 7*z - f - 0. Suppose -2*s - z*s = -392. What is the units digit of s?
8
Let i = -1895 + 25888. What is the ten thousands digit of i?
2
Suppose 136*c = 111*c + 491362 + 443013. What is the ten thousands digit of c?
3
Suppose 0 = 2*u - b - 39847, -u - 3*b = -1287 - 18626. What is the hundreds digit of u?
9
Let t be (694/(-4) + -1)/(4/(-24)). Let f = t + -617. What is the units digit of f?
0
Let n(s) = -13*s + 37. Let c be n(4). What is the hundreds digit of (1779/c)/(10/(-50))?
5
Suppose 6*a + 17 - 53 = 0. What is the units digit of (2496/(-30))/(a/(-15))?
8
Suppose 3*u + 4*b + 7 = 0, -u = 3*u - 4*b - 28. Suppose 6*m = -2*r + u*m